/(-5) + 2/5. Calculate the greatest common divisor of b and p.
9
Suppose 156*p = 155*p + 48. Let l be (2 - p/21) + (-568)/(-28). What is the greatest common factor of l and 220?
20
Suppose 0 = 11*a + 45*a - 392. Calculate the greatest common divisor of 728 and a.
7
Suppose 259 = -17*s - 20*s. Let x be (-2)/s*(-826)/(-2). What is the greatest common factor of 4 and x?
2
Suppose 0 = -3*q + 2*j + 173, 0 = -5*q - 6*j + 2*j + 259. Suppose -5*n + 5*u = -q, -3*n + 6*u - 5*u + 25 = 0. Calculate the highest common factor of 315 and n.
7
Suppose v + 2*b + 17 = 40, 5*b = -5*v + 140. Let t(d) = 8*d - 72. Let u be t(6). Let c be (-3*1 - -1)*264/u. What is the highest common divisor of v and c?
11
Let f be (3 - 11)*6/(-12). Suppose -5*y + 873 = 2*t, -f*y + 4*t + 390 = -314. Calculate the greatest common divisor of y and 70.
35
Suppose r = -4*r + 5*t - 715, -5*t = -4*r - 574. Let w = -123 - r. Calculate the highest common divisor of 288 and w.
18
Let a(p) = -275*p - p**2 - 6 - 16 + 290*p. Let h be a(13). Suppose 0 = -5*r - h*g + 204, -3*g + 63 + 20 = 2*r. What is the greatest common factor of 200 and r?
40
Let i be ((-84)/(-9))/((-26)/(-39)). Suppose n = i*n - 7657. Calculate the greatest common factor of 31 and n.
31
Let s(t) = -45*t**3 - 5*t**2 + 3*t + 16. Let j be 2/3*(-6 + 3). Let b be s(j). What is the highest common divisor of b and 14?
14
Let c = 0 + 2. Suppose -c*q + 16 = 4*y, y - 15 = q + 4*q. Let u be (-12)/10*2295/(-1377). What is the greatest common factor of u and y?
1
Let v(d) be the third derivative of -d**6/40 - d**5/10 - 3*d**4/8 - d**3/3 - 68*d**2. Let j be v(-3). What is the highest common divisor of 52 and j?
52
Let l(h) = -h**2 - 14*h - 8. Let c be ((-44)/(-16) + 1 - 3)*4. Suppose -c*z - 8 = 19. Let w be l(z). What is the highest common factor of 148 and w?
37
Suppose -13*z + 47 + 148 = 0. Suppose -u = -z*u + 336. Suppose 0 = 4*v - 0*v - 192. What is the greatest common divisor of u and v?
24
Let y be 0 + (1456/(-48))/(0 + (-3)/567). What is the greatest common factor of y and 126?
63
Let q(a) = -a**2 - 13*a - 18. Let c be q(-13). Let l be (-1)/3 - 114/c. Let v = 38 + -35. Calculate the greatest common divisor of v and l.
3
Let q(w) = -428*w - 716. Let n be q(-2). Calculate the highest common factor of n and 476.
28
Let o be (33 - 4) + 4 + -7. Let w = 30 - o. Calculate the greatest common divisor of w and 164.
4
Let o be 3141/(-698)*(-176)/6. What is the greatest common divisor of 8118 and o?
66
Let d = 32 + 21. Let o = 35 + d. Suppose 0 = -0*p + 10*p - 110. What is the greatest common factor of o and p?
11
Let n be (3/15 + 28/60)*6. Suppose -k - 4 - 2 = 5*b, 2*k - 6 = -n*b. Calculate the highest common divisor of 279 and k.
9
Suppose -2*c = 4*j - 18, 0 = j - 2*c + 4 - 6. Suppose 4*v + 88 = 8*n - j*n, 5*v - 25 = 0. Let i = -326 + 596. Calculate the greatest common divisor of i and n.
27
Suppose 0 = 2*l - 2*b - 936, 34*b = -3*l + 33*b + 1404. What is the greatest common factor of l and 988?
52
Let s = -724 - -732. Let l(j) = 9*j**2 - 3*j + 3. Let y be l(2). Suppose -s*v = -y - 63. Calculate the greatest common factor of v and 156.
12
Let h = -26 - -30. Suppose 0*y + 4*y = 4*v + h, -2*y + 12 = 3*v. Let k be v/(-5) - (-107)/5. Calculate the highest common factor of 3 and k.
3
Let j = 41 + -41. Suppose -c = 2*z - 37, 3*z = -j*z + c + 48. What is the greatest common factor of z and 119?
17
Suppose -6*j + 3*j + 51 = 0. Suppose -4 = -3*l + b + 95, 0 = -l - 5*b + 49. Calculate the highest common factor of l and j.
17
Suppose 3*c - 50 + 8 = 0. Suppose c*s + s = 120. Suppose 5*a - 352 = a. What is the greatest common divisor of a and s?
8
Suppose -1223024 = -471*z + 418411. Calculate the highest common divisor of z and 85.
85
Let y(r) = 3*r**2 - 156*r + 157. Let s be y(1). Calculate the highest common divisor of s and 200.
4
Suppose -40*h = -43*h - 132. Let f be 6/33 - (16580/h - 1). Calculate the greatest common divisor of 42 and f.
42
Let w(c) = 70*c + 53. Let r(o) = -210*o - 160. Let v(z) = -3*r(z) - 10*w(z). Let j be v(-2). Let a = 32 - 22. What is the greatest common factor of j and a?
10
Suppose 2*b - 4*z = -10, 4*b + 15 = b + z. Let u be 10/b + (9 - 3/1). Suppose 10*c - u*c = 48. What is the greatest common divisor of 12 and c?
4
Let u = -170 + 175. Let w be 2 + u/((-15)/(-138)). What is the greatest common factor of w and 336?
48
Let v(p) = p**3 - 27*p**2 + 38*p + 56. Let l be v(26). What is the greatest common factor of 207 and l?
23
Suppose -151787 = -76*i - 17544 + 165805. What is the highest common divisor of i and 14?
14
Let n(t) = 12*t**3 + 14*t - 29*t**3 + 19*t**2 + 4 + 14*t**3 - 22. Let o be n(6). What is the greatest common divisor of 561 and o?
51
Suppose -u + 43 = k - 4*u, 3*k + u = 119. Suppose 5*h - 4*v = k, -3*h - 3*v + 3 = -21. Suppose i - 1 + 0 = 0. What is the greatest common divisor of h and i?
1
Let o(w) = -w**3 - 6*w**2 + 199*w - 34. Let c be o(11). Calculate the greatest common divisor of c and 2366.
14
Let a = 53 + -28. Suppose -6*f - 1610 = -2*t - 4*f, 0 = -5*t - f + 3995. Suppose -5*j - 3*j = -t. What is the greatest common divisor of j and a?
25
Let r be 137 - (-1 - 0)*(-4 + 5). What is the highest common divisor of 216 and r?
6
Suppose -28 = -2*v + 2*h, 0 = -5*v - 5*h + 90 - 80. What is the highest common factor of 2476 and v?
4
Let d(g) = -2*g**2 + 4*g + 289. Let u be d(13). Let s be 15/(-2)*176/6. Let t be 3/u - s/5. What is the highest common factor of t and 405?
45
Suppose 0 = -2*c, 0 = -0*g + g - 4*c - 20. Let w be -2*7*g/(-40). Suppose 32 = 5*f - j, -5*j + 7 = 4*f - 36. Calculate the highest common factor of w and f.
7
Suppose -3 = 327*z - 330*z. What is the highest common factor of z and 110?
1
Let l be 1755/(-975) - 7459/(-5). What is the highest common divisor of l and 1043?
149
Let p(v) be the second derivative of 0 - 2/3*v**3 + 15*v - 1/6*v**4 + 2*v**2 + 1/20*v**5. Let t be p(4). What is the greatest common divisor of t and 30?
10
Suppose -3*y + 4*d = -26, -4*d + 22 = 4*y - 3*d. Suppose 4*l + 5*g = 44, 18*g - 90 = -3*l - 0*l. Calculate the highest common divisor of y and l.
6
Let p = 700 + -426. Let j = -82 + p. What is the greatest common divisor of 24 and j?
24
Suppose -2833 = -n + 5*b, b + 25453 = 13*n - 4*n. What is the highest common factor of n and 84?
28
Suppose 0 = -x - 3*w + 7*w + 108, 3*w + 455 = 5*x. Let r be 71/8 + 11/x. Calculate the highest common divisor of 333 and r.
9
Let u = 23 + -13. Suppose 5*x + u = 10*x. Suppose -5*g + x*g + 93 = 0. Calculate the highest common divisor of g and 31.
31
Suppose 5*w - 135 = -0*w. Suppose w = 4*g - 3*o, 5*g + 2*o = -2*o - 5. Let c be (-4)/g*11/(22/(-12)). Calculate the greatest common factor of c and 56.
8
Suppose -4*q = -4*n - 60, -40 = -4*q + 10*n + 44. Let f be (-4)/(-18) - 392/(-18). What is the highest common divisor of q and f?
11
Let a be (0/(-3) - -35) + 1. Let j(f) = 13*f**2 + 21*f + 8. Let x be j(-4). What is the highest common divisor of a and x?
12
Let j = 3472 - 3134. Calculate the greatest common divisor of 156 and j.
26
Suppose 161 + 90 = -4*p + w, 4*w = 3*p + 185. Let q be (-6 - -4)/(2 + 0)*p. Calculate the highest common factor of q and 14.
7
Let g(d) = 1116*d - 362. Let a be g(1). Let v = -118 + 176. What is the highest common divisor of v and a?
58
Let x(c) = -3*c + 2. Let z be x(-3). Suppose 2*a = 4*p - 902, 0 = a - 5*a + 4. Let q = -105 + p. Calculate the greatest common divisor of q and z.
11
Suppose 3 = -3*c, 120*b - 118*b + 5*c - 65 = 0. Calculate the highest common divisor of b and 32060.
35
Let p(o) = 140*o**2 - 2*o - 1. Let j = -49 - -48. Let b be p(j). Suppose u = n - 45, 0*n - u = -3*n + b. Calculate the greatest common divisor of 12 and n.
12
Let l(i) = 74*i**2 + 4*i - 6. Let q be l(2). Let z = q - 179. Let v(h) = h**2 + 17. Let p be v(0). Calculate the greatest common divisor of z and p.
17
Let t = 219 + -213. Let x be (6 + t)*(-80)/(-12). What is the greatest common divisor of x and 60?
20
Let y = 278 - -105. Suppose 386*t - 375 = y*t. Calculate the highest common factor of t and 50.
25
Let d be 102 + 2/25 + 2976/300. Calculate the highest common factor of 4424 and d.
56
Let o = 8 + -6. Let w(d) = -d**2 - 95*d + 1052. Let s be w(10). Suppose -s*k = o*f - 68, 3*k - 8*k + 162 = 3*f. What is the greatest common divisor